vided by 59.
7
What is the remainder when 164 is divided by 14?
10
What is the remainder when 548 is divided by 242?
64
What is the remainder when 145 is divided by 49?
47
What is the remainder when 923 is divided by 16?
11
What is the remainder when 416 is divided by 12?
8
What is the remainder when 75 is divided by 67?
8
Calculate the remainder when 15 is divided by 8.
7
Calculate the remainder when 1185 is divided by 391.
12
Calculate the remainder when 49 is divided by 6.
1
Calculate the remainder when 311 is divided by 24.
23
Calculate the remainder when 60 is divided by 33.
27
What is the remainder when 188 is divided by 5?
3
What is the remainder when 593 is divided by 111?
38
Calculate the remainder when 1638 is divided by 543.
9
Calculate the remainder when 1342 is divided by 24.
22
Calculate the remainder when 728 is divided by 61.
57
What is the remainder when 62 is divided by 27?
8
What is the remainder when 1322 is divided by 190?
182
What is the remainder when 65 is divided by 16?
1
What is the remainder when 375 is divided by 80?
55
What is the remainder when 469 is divided by 155?
4
What is the remainder when 269 is divided by 82?
23
What is the remainder when 67 is divided by 21?
4
Calculate the remainder when 17 is divided by 3.
2
Calculate the remainder when 3 is divided by 1.
0
Calculate the remainder when 1384 is divided by 48.
40
What is the remainder when 58 is divided by 14?
2
Calculate the remainder when 1231 is divided by 44.
43
What is the remainder when 1159 is divided by 10?
9
What is the remainder when 98 is divided by 44?
10
What is the remainder when 173 is divided by 30?
23
What is the remainder when 234 is divided by 76?
6
What is the remainder when 7655 is divided by 14?
11
What is the remainder when 122 is divided by 117?
5
Calculate the remainder when 3538 is divided by 10.
8
What is the remainder when 364 is divided by 353?
11
Calculate the remainder when 371 is divided by 55.
41
What is the remainder when 280 is divided by 71?
67
What is the remainder when 5870 is divided by 30?
20
What is the remainder when 956 is divided by 74?
68
Calculate the remainder when 581 is divided by 117.
113
What is the remainder when 70 is divided by 40?
30
Calculate the remainder when 13747 is divided by 24.
19
What is the remainder when 1147 is divided by 537?
73
What is the remainder when 490 is divided by 162?
4
Calculate the remainder when 303 is divided by 66.
39
What is the remainder when 322 is divided by 25?
22
What is the remainder when 93 is divided by 21?
9
What is the remainder when 34 is divided by 3?
1
What is the remainder when 514 is divided by 74?
70
Calculate the remainder when 141 is divided by 8.
5
Calculate the remainder when 189 is divided by 50.
39
Calculate the remainder when 15 is divided by 8.
7
Calculate the remainder when 1152 is divided by 497.
158
Calculate the remainder when 306 is divided by 96.
18
Calculate the remainder when 61 is divided by 45.
16
What is the remainder when 88 is divided by 12?
4
What is the remainder when 57 is divided by 52?
5
Calculate the remainder when 516 is divided by 29.
23
Calculate the remainder when 188 is divided by 60.
8
What is the remainder when 9859 is divided by 85?
84
What is the remainder when 241 is divided by 13?
7
What is the remainder when 175 is divided by 155?
20
Calculate the remainder when 2246 is divided by 322.
314
What is the remainder when 3358 is divided by 209?
14
Calculate the remainder when 78 is divided by 12.
6
Calculate the remainder when 30383 is divided by 16.
15
What is the remainder when 913 is divided by 220?
33
What is the remainder when 766 is divided by 128?
126
Calculate the remainder when 236 is divided by 112.
12
Calculate the remainder when 3311 is divided by 51.
47
What is the remainder when 463 is divided by 119?
106
What is the remainder when 405 is divided by 178?
49
Calculate the remainder when 669 is divided by 11.
9
What is the remainder when 792 is divided by 142?
82
What is the remainder when 360 is divided by 11?
8
What is the remainder when 1010 is divided by 23?
21
What is the remainder when 29 is divided by 20?
9
What is the remainder when 2293 is divided by 85?
83
What is the remainder when 851 is divided by 12?
11
Calculate the remainder when 67 is divided by 7.
4
What is the remainder when 71 is divided by 8?
7
Calculate the remainder when 3167 is divided by 23.
16
What is the remainder when 1636 is divided by 26?
24
Calculate the remainder when 1230 is divided by 65.
60
Calculate the remainder when 339 is divided by 18.
15
Calculate the remainder when 132 is divided by 18.
6
Calculate the remainder when 137 is divided by 23.
22
What is the remainder when 202 is divided by 11?
4
Calculate the remainder when 1743 is divided by 3.
0
Calculate the remainder when 210 is divided by 152.
58
Calculate the remainder when 345 is divided by 31.
4
What is the remainder when 519 is divided by 8?
7
Calculate the remainder when 2050 is divided by 18.
16
Calculate the remainder when 285 is divided by 36.
33
Calculate the remainder when 245 is divided by 6.
5
What is the remainder when 4227 is divided by 13?
2
What is the remainder when 43 is divided by 25?
18
Calculate the remainder when 1030 is divided by 173.
165
What is the remainder when 87 is divided by 39?
9
Calculate the remainder when 477 is divided by 98.
85
Calculate the remainder when 736 is divided by 37.
33
Calculate the remainder when 139 is divided by 58.
23
What is the remainder when 111 is divided by 22?
1
What is the remainder when 57 is divided by 57?
0
What is the remainder when 812 is divided by 22?
20
Calculate the remainder when 41 is divided by 5.
1
What is the remainder when 11207 is divided by 8?
7
What is the remainder when 33 is divided by 27?
6
What is the remainder when 241 is divided by 49?
45
What is the remainder when 607 is divided by 61?
58
Calculate the remainder when 21 is divided by 7.
0
Calculate the remainder when 91 is divided by 24.
19
Calculate the remainder when 242 is divided by 9.
8
Calculate the remainder when 92 is divided by 24.
20
What is the remainder when 172 is divided by 28?
4
Calculate the remainder when 99 is divided by 23.
7
What is the remainder when 263 is divided by 83?
14
What is the remainder when 1981 is divided by 219?
10
What is the remainder when 302 is divided by 153?
149
Calculate the remainder when 91 is divided by 29.
4
Calculate the remainder when 1591 is divided by 790.
11
What is the remainder when 94 is divided by 10?
4
What is the remainder when 1031 is divided by 74?
69
Calculate the remainder when 428 is divided by 11.
10
Calculate the remainder when 1319 is divided by 262.
9
Calculate the remainder when 87 is divided by 33.
21
Calculate the remainder when 43 is divided by 41.
2
Calculate the remainder when 848 is divided by 75.
23
What is the remainder when 55 is divided by 27?
1
What is the remainder when 54 is divided by 13?
2
What is the remainder when 115 is divided by 66?
49
What is the remainder when 289 is divided by 5?
4
Calculate the remainder when 4357 is divided by 20.
17
Calculate the remainder when 934 is divided by 67.
63
Calculate the remainder when 113 is divided by 40.
33
What is the remainder when 247 is divided by 5?
2
What is the remainder when 1801 is divided by 43?
38
What is the remainder when 5541 is divided by 33?
30
What is the remainder when 3000 is divided by 2994?
6
Calculate the remainder when 141 is divided by 25.
16
Calculate the remainder when 677 is divided by 192.
101
Calculate the remainder when 370 is divided by 60.
10
What is the remainder when 285 is divided by 12?
9
Calculate the remainder when 5217 is divided by 145.
142
What is the remainder when 387 is divided by 151?
85
Calculate the remainder when 583 is divided by 14.
9
What is the remainder when 11304 is divided by 56?
48
Calculate the remainder when 245 is divided by 48.
5
What is the remainder when 213 is divided by 43?
41
What is the remainder when 553 is divided by 70?
63
What is the remainder when 208 is divided by 54?
46
What is the remainder when 2015 is divided by 12?
11
Calculate the remainder when 140 is divided by 6.
2
Calculate the remainder when 1666 is divided by 73.
60
Calculate t